{"id":203,"date":"2018-03-17T20:34:22","date_gmt":"2018-03-17T20:34:22","guid":{"rendered":"http:\/\/eisenbahnfreunde-ostfriesland.de\/?page_id=203"},"modified":"2026-03-01T09:20:22","modified_gmt":"2026-03-01T09:20:22","slug":"clubabend-vereinstreffen","status":"publish","type":"page","link":"https:\/\/eisenbahnfreunde-ostfriesland.de\/?page_id=203","title":{"rendered":"Vereinsabende"},"content":{"rendered":"<p><span style=\"font-family: trebuchet\\ ms, Arial, Helvetica;\"><span style=\"font-family: Arial;\">Unsere Vereinsabende finden w\u00f6chentlich statt. <\/span><\/span><span style=\"font-family: Arial;\">Jeden <b>Mittwochabend ab 19:00 Uhr<\/b> treffen wir uns in unseren <\/span><span style=\"font-family: Arial;\">Vereinsr\u00e4ume. Unsere Vereinsr\u00e4ume befinden sich in der alten Kaserne an der Friesenbr\u00fccke in Weener (Landsburg 1, West &#8211; Geb\u00e4ude 8)\u00a0<\/span><\/p>\n<p><span style=\"font-family: Arial;\">Der Eingang befindet sich auf der R\u00fcckseite.\u00a0<\/span><\/p>\n<p>Schauen Sie doch einmal unverbindlich bei uns vorbei!<\/p>\n\n\n<figure class=\"wp-block-image size-large\"><img loading=\"lazy\" decoding=\"async\" width=\"1024\" height=\"768\" src=\"http:\/\/eisenbahnfreunde-ostfriesland.de\/wp-content\/uploads\/2023\/08\/20230719_202641-1024x768.jpg\" alt=\"\" class=\"wp-image-378\" srcset=\"https:\/\/eisenbahnfreunde-ostfriesland.de\/wp-content\/uploads\/2023\/08\/20230719_202641-1024x768.jpg 1024w, https:\/\/eisenbahnfreunde-ostfriesland.de\/wp-content\/uploads\/2023\/08\/20230719_202641-300x225.jpg 300w, https:\/\/eisenbahnfreunde-ostfriesland.de\/wp-content\/uploads\/2023\/08\/20230719_202641-768x576.jpg 768w, https:\/\/eisenbahnfreunde-ostfriesland.de\/wp-content\/uploads\/2023\/08\/20230719_202641-1536x1152.jpg 1536w, https:\/\/eisenbahnfreunde-ostfriesland.de\/wp-content\/uploads\/2023\/08\/20230719_202641-2048x1536.jpg 2048w\" sizes=\"auto, (max-width: 767px) 89vw, (max-width: 1000px) 54vw, (max-width: 1071px) 543px, 580px\" \/><\/figure>\n","protected":false},"excerpt":{"rendered":"<p>Unsere Vereinsabende finden w\u00f6chentlich statt. Jeden Mittwochabend ab 19:00 Uhr treffen wir uns in unseren Vereinsr\u00e4ume. Unsere Vereinsr\u00e4ume befinden sich in der alten Kaserne an der Friesenbr\u00fccke in Weener (Landsburg 1, West &#8211; Geb\u00e4ude 8)\u00a0 Der Eingang befindet sich auf der R\u00fcckseite.\u00a0 Schauen Sie doch einmal unverbindlich bei uns vorbei!<\/p>\n","protected":false},"author":1,"featured_media":0,"parent":0,"menu_order":0,"comment_status":"closed","ping_status":"closed","template":"","meta":{"footnotes":""},"class_list":["post-203","page","type-page","status-publish","hentry"],"_links":{"self":[{"href":"https:\/\/eisenbahnfreunde-ostfriesland.de\/index.php?rest_route=\/wp\/v2\/pages\/203","targetHints":{"allow":["GET"]}}],"collection":[{"href":"https:\/\/eisenbahnfreunde-ostfriesland.de\/index.php?rest_route=\/wp\/v2\/pages"}],"about":[{"href":"https:\/\/eisenbahnfreunde-ostfriesland.de\/index.php?rest_route=\/wp\/v2\/types\/page"}],"author":[{"embeddable":true,"href":"https:\/\/eisenbahnfreunde-ostfriesland.de\/index.php?rest_route=\/wp\/v2\/users\/1"}],"replies":[{"embeddable":true,"href":"https:\/\/eisenbahnfreunde-ostfriesland.de\/index.php?rest_route=%2Fwp%2Fv2%2Fcomments&post=203"}],"version-history":[{"count":15,"href":"https:\/\/eisenbahnfreunde-ostfriesland.de\/index.php?rest_route=\/wp\/v2\/pages\/203\/revisions"}],"predecessor-version":[{"id":417,"href":"https:\/\/eisenbahnfreunde-ostfriesland.de\/index.php?rest_route=\/wp\/v2\/pages\/203\/revisions\/417"}],"wp:attachment":[{"href":"https:\/\/eisenbahnfreunde-ostfriesland.de\/index.php?rest_route=%2Fwp%2Fv2%2Fmedia&parent=203"}],"curies":[{"name":"wp","href":"https:\/\/api.w.org\/{rel}","templated":true}]}}